) to base 11
-342624
429a5b1 (base 12) to base 3
212210111112121
What is -bc1b7c (base 14) in base 13?
-1425b92
6580465 (base 9) to base 12
12268a2
c4500 (base 13) to base 12
14bab9
What is 200212132112 (base 4) in base 11?
4907981
Convert -2211101202022 (base 3) to base 13.
-4085ba
-22443320 (base 5) to base 10
-202960
What is a807c (base 13) in base 11?
197958
Convert 43213212 (base 5) to base 11.
230548
Convert 341534 (base 8) to base 12.
56a50
What is 34414352 (base 6) in base 2?
100000010101111111100
What is -523094 (base 10) in base 9?
-876485
What is 246686 (base 10) in base 4?
330032132
Convert 6a365 (base 14) to base 16.
3f235
Convert -1020530 (base 7) to base 10.
-122717
Convert -18376 (base 13) to base 14.
-13069
Convert 13503026 (base 7) to base 5.
310332244
107835 (base 9) to base 14
198ac
Convert -340444032 (base 5) to base 10.
-1499892
Convert 5714a (base 15) to base 6.
5534341
1010410 (base 6) to base 4
23233212
Convert -2403041240 (base 5) to base 15.
-7400d0
101011010001011001110 (base 2) to base 16
15a2ce
Convert 4141240 (base 7) to base 4.
1321131010
-215003 (base 8) to base 2
-10001101000000011
Convert -79e43b (base 16) to base 2.
-11110011110010000111011
What is 31032 (base 12) in base 2?
1111100111100110
75c84 (base 15) to base 5
43432244
Convert -4a8473 (base 11) to base 4.
-3003300202
What is 3242 (base 9) in base 7?
6650
110110101000000111010 (base 2) to base 12
723a76
What is -405025 (base 10) in base 2?
-1100010111000100001
21204223 (base 6) to base 7
5203263
Convert 1010111011110010 (base 2) to base 14.
12470
Convert 269a8 (base 11) to base 6.
454043
Convert 213242144 (base 7) to base 8.
60506375
What is -878039 (base 12) in base 13?
-5a35ca
20dc4 (base 16) to base 7
1100260
Convert -1c035b (base 13) to base 12.
-2a5668
What is 1020100021 (base 3) in base 15?
7307
-26640605 (base 8) to base 4
-112310012011
Convert -10076732 (base 8) to base 15.
-2c0dd0
Convert -11020222111 (base 3) to base 8.
-243555
Convert 5175 (base 12) to base 16.
22a9
What is 1143533 (base 7) in base 3?
21101101122
Convert -65329b (base 13) to base 12.
-967b30
-67664 (base 9) to base 6
-544221
Convert -230120 (base 6) to base 3.
-222201210
Convert -1150176 (base 8) to base 15.
-63748
b24ce (base 16) to base 7
6131131
What is 118550c (base 14) in base 15?
b0ab35
Convert -374074 (base 9) to base 11.
-144927
Convert -184b99 (base 16) to base 11.
-998290
What is -2c235 (base 14) in base 3?
-12121011110
-1032205 (base 7) to base 4
-132223021
203310330310 (base 4) to base 13
1c3ab69
1194416 (base 10) to base 14
2313d6
Convert 47450 (base 10) to base 13.
187a0
-51540313 (base 6) to base 2
-101101011111001010101
-11333332 (base 5) to base 16
-19bfb
-3232223211 (base 4) to base 7
-11211153
Convert 542546 (base 9) to base 14.
85bd8
-320112020 (base 4) to base 15
-485b2
What is 339357 (base 13) in base 2?
100101001110101001010
-25031013 (base 6) to base 14
-16a797
What is -11616 (base 16) in base 14?
-1bd30
12233320330 (base 4) to base 9
3285567
4132434 (base 6) to base 12
9711a
What is -141c694 (base 13) in base 11?
-365a449
What is 5886b1 (base 12) in base 7?
15053065
Convert -88784 (base 9) to base 2.
-1110011001010011
Convert -133401324 (base 5) to base 15.
-d7c94
Convert -11011110100010001 (base 2) to base 3.
-12210021220
What is 24520024 (base 6) in base 3?
1111000220121
-29a907 (base 12) to base 16
-ab997
52116 (base 10) to base 12
261b0
What is -20102221012 (base 3) in base 9?
-212835
Convert 3733231 (base 8) to base 12.
417b35
Convert -339870 (base 11) to base 3.
-1000102212201
Convert -101142344 (base 5) to base 7.
-3334551
-22a05 (base 16) to base 9
-235487
What is 29a26 (base 12) in base 2?
1110010001111110
1234442503 (base 6) to base 14
1cd64d1
What is -6242055 (base 7) in base 4?
-2313010032
Convert 213203224 (base 5) to base 7.
10521426
Convert a79a6 (base 11) to base 4.
212110010
Convert -42ada (base 14) to base 2.
-100111011000011000
21314 (base 5) to base 11
1107
-2462697 (base 10) to base 3
-11122010012000
What is 3211127 (base 8) in base 15?
11dc5d
What is -1000011010110010001100 (base 2) in base 12?
-8a5150
Convert -7ba944 (base 16) to base 3.
-120020201221210
Convert 529594 (base 10) to base 11.
33198a
-104323354 (base 6) to base 7
-22042543
Convert ab90b (base 13) to base 11.
1a2989
Convert 23122031 (base 4) to base 13.
1836b
519706 (base 11) to base 14
179688
What is -114520253 (base 7) in base 6?
-413112105
Convert -1126055 (base 7) to base 2.
-100010100000101100
Convert 234041503 (base 6) to base 5.
2111004442
-97089 (base 13) to base 10
-272541
What is -59677 (base 10) in base 9?
-100767
Convert -26364103 (base 7) to base 5.
-1104403411
2503655 (base 7) to base 15
6504b
Convert -12104 (base 14) to base 15.
-d104
What is 1022001210211 (base 3) in base 4?
2220200233
-200221010112 (base 3) to base 16
-5af86
Convert 32300201000 (base 4) to base 16.
3b0840
Convert 36507 (base 9) to base 6.
305141
Convert 84149 (base 13) to base 2.
111001111111000010
What is -24121333 (base 5) in base 11?
-14288a
Convert 11754554 (base 8) to base 10.
2611564
-61107752 (base 8) to base 13
-2890533
What is 5e31d8 (base 16) in base 15?
81e12e
Convert 220203321312 (base 4) to base 14.
15aad14
-4450003 (base 8) to base 7
-13125632
-669037 (base 10) to base 12
-283211
What is -2344041 (base 6) in base 2?
-11101111101011001
What is 88b2 (base 14) in base 16?
5c7c
What is 12740a0 (base 11) in base 5?
1030422314
Convert 101302013 (base 4) to base 5.
4312324
What is 23132244 (base 5) in base 9?
346840
-5a3b5 (base 12) to base 15
-2601e
What is -22005135 (base 6) in base 13?
-19ba97
What is -708b (base 15) in base 11?
-16937
What is -114420011 (base 6) in base 11?
-1259859
-13561035 (base 8) to base 9
-5702654
-21000211 (base 3) to base 6
-35421
Convert a7215 (base 12) to base 14.
5a133
-14a696a (base 11) to base 12
-a40052
Convert -4200242 (base 5) to base 13.
-25430
What is -2048979 (base 11) in base 7?
-42500004
-571163 (base 9) to base 3
-122101012010
-206a72 (base 12) to base 13
-14ac1a
What is 2201001022 (base 3) in base 8?
150004
-2c957 (base 16) to base 7
-1360256
What is 45f77 (base 16) in base 12?
119a1b
What is 1153263 (base 8) in base 6?
10444031
-1222440323 (base 5) to base 7
-33651401
-1a266 (base 11) to base 8
-67151
What is -839308 (base 16) in base 13?
-1a2baa8
What is 12b121 (base 16) in base 11?
7673a0
What is 2fe2c4 (base 16) in base 13?
85b565
Convert -3264876 (base 9) to base 12.
-707a50
What is -101101000011101011 (base 2) in base 14?
-4b387
Convert -20233104 (base 6) to base 9.
-1073544
Convert 3121320002 (base 4) to base 7.
10404542
-110100111101001101010010 (base 2) to base 11
-7921997
Convert 1110011100000010 (base 2) to base 16.
e702
What is 68b85 (base 12) in base 8?
421225
Convert 38232 (base 11) to base 4.
31121000
What is 5756042 (base 9) in base 2?
1011110110101110110101
What is 2577 (base 15) in base 3?
101221211
Convert -11539 (base 14) to base 11.
-29776
Convert -39ab1 (base 13) to base 4.
-122030122
What is 7806 (base 14) in base 5?
1131112
Convert -10212100101 (base 4) to base 13.
-332799
10000010002 (base 3) to base 15
127c2
What is 1022032030 (base 4) in base 5?
34212022
-208e (base 15) to base 5
-210014
Convert 435575 (base 10) to base 11.
278288
-125547 (base 12) to base 4
-1021023013
-100222534 (base 6) to base 12
-69aa4a
What is -228b1 (base 14) in base 7?
-500011
Convert -548b43 (base 16) to base 15.
-746a35
What is 2697e7 (base 16) in base 3?
11202111111010
What is 1e765e (base 15) in base 16?
16c8c5
What is -52c85f (base 16) in base 5?
-2342101442
What is -1a4d8 (base 14) in base 3?
-10101200012
3ee20 (base 15) to base 8
613101
What is -20100122221210 (base 3) in base 6?
-200230550
52716 (base 10) to base 13
1acc1
Convert -b08c (base 14) to base 3.
-1112120112
a2a04 (base 12) to base 7
1542556
Convert -9887d (base 16) to base 10.
-624765
Convert 294a0 (base 11) to base 8.
121577
Convert -a76965 (base 13) to base 15.
-528b2d
Convert e6257 (base 16) to base 13.
2700ca
Convert 21aae (base 15) to base 2.
11010001000011111
-35424 (base 8) to base 9
-22664
What is 3a5a0 (base 11) in base 2?
1110001001011100
Convert 10111010001001011 (base 2) to base 7.
544602
What is 1003014132 (base 5) in base 8?
7504417
What is -4